t) = 14*t - 708. Let d be h(54). What is the greatest common divisor of d and 848?
16
Suppose -5*n - 462 = -97. Let y = n - -113. What is the greatest common divisor of y and 5?
5
Let u = -2509 - -2734. What is the greatest common divisor of 135 and u?
45
Let q = 502 + -308. What is the greatest common divisor of 291 and q?
97
Suppose 0 = -5*v + 58 + 167. Let j be 1 + -1 - (6 - 58). Let h be 4/6 - j/(-12). What is the highest common factor of v and h?
5
Suppose 0 = -4*n - 5*y + 43, 3*n + 4*y = 2*y + 34. What is the greatest common divisor of n and 84?
12
Suppose -t + 327 = -z, 1003 = 3*t - 2*z + 25. Suppose 4*v - 150 = -2*i, i - 165 = -5*v + 6*i. Calculate the greatest common divisor of t and v.
36
Let k = 13 + -13. Suppose -431 = -0*g - 3*g - 2*s, k = -4*s + 4. What is the greatest common factor of g and 13?
13
Let j(k) = k**2 + 11*k - 24. Let l be j(5). Let d = 24 + -16. What is the greatest common divisor of l and d?
8
Suppose -j - 10 = 5*x - 6*x, 2*x = -2*j. Calculate the highest common factor of x and 2.
1
Suppose -7*m + 5*m + 60 = 0. What is the highest common divisor of 750 and m?
30
Let i = -19 + 19. Let j be (0 - -37) + i/(-3). What is the greatest common divisor of 37 and j?
37
Let b(l) = 4*l**2 + 1. Let t be b(1). Suppose w + 20 = t*w. Calculate the greatest common factor of 55 and w.
5
Suppose 10*p - 18*p = -16. Suppose p*b = -5 + 27. Calculate the highest common factor of 2 and b.
1
Let i = 1005 - 997. Let z(h) = -10*h. Let q be z(-2). Calculate the highest common divisor of i and q.
4
Suppose -3*n = 4*p - 1175, -3*n + 607 + 858 = 5*p. Calculate the greatest common factor of 116 and p.
58
Let l = 2 + 4. Suppose -5*x - 5 = -l*x. Suppose -68 = -x*o - p - 0*p, -4*o - 2*p = -52. Calculate the greatest common divisor of o and 28.
14
Suppose 0 = 2*a + 16 - 8. Let k = 20 + a. Let g be 1 - (-1 - (62 + 0)). Calculate the highest common divisor of g and k.
16
Let z(c) = -3*c + 18. Let f be z(6). Let p be f/10 + (-19)/(-1). Let b = p + -16. What is the greatest common divisor of b and 9?
3
Suppose -56 = -k - 2*n, 0*k - 178 = -3*k - 4*n. Suppose -4*f + 3*h + 138 = 18, 0 = 4*f + h - 136. Calculate the highest common factor of k and f.
33
Suppose -4*m + 2*r + 28 = 0, 3*m + 4*r + 1 = -0. Suppose m*d - 680 = d. What is the greatest common factor of 34 and d?
34
Suppose 5*m - 80 = 5*p, -7 = -2*m - 4*p + 7. What is the highest common factor of 5 and m?
1
Suppose -25*p - 13*p + 7296 = 0. Calculate the highest common divisor of p and 9.
3
Let g = 17 + -13. Suppose c - 3*l - 23 = -0*l, g*c = 4*l + 60. Let s = 19 + c. What is the greatest common factor of 15 and s?
15
Let w = -324 - -344. What is the highest common divisor of w and 290?
10
Let z(f) = -2*f**3 + 0*f - 20*f**3 + f. Let i be z(-1). Calculate the highest common divisor of 84 and i.
21
Let n(o) = o**2 - 13*o - 189. Let d be n(22). Calculate the greatest common divisor of d and 21.
3
Suppose -2*y = 8 + 10. Let s be 248/20 - 8/20. Let t = s + y. Calculate the greatest common factor of 21 and t.
3
Let q = -486 - -707. What is the highest common divisor of q and 34?
17
Let a be -174*(2/15)/(6/(-30)). What is the greatest common divisor of 406 and a?
58
Let c be ((-26)/52)/(2/(-4))*132. What is the highest common divisor of 28 and c?
4
Let g be (((-273)/6)/7 + 2)*-4. Let f be (g/12)/(3/32). Calculate the highest common divisor of 80 and f.
16
Let q be 96/10 + (-1)/((-5)/(-3)). Calculate the highest common divisor of 801 and q.
9
Suppose 23 = k - 2*v + 7, 0*v + 2*v = 0. Let b(w) = -w**3 + 4*w**2 + 2*w + 1. Let p be b(3). What is the highest common divisor of k and p?
16
Let o = 9 - 1. Suppose 0 = -4*q + 2*q + 172. Let w = -22 + q. What is the greatest common factor of w and o?
8
Let b(n) = 16*n**2 - 2*n. Let x be 14*((-23)/(-7) - 3). Suppose 0 = -4*f - x - 0. Let a be b(f). What is the highest common divisor of 27 and a?
9
Let c(g) = -g**3 + 2*g**2 + 6. Let y be c(-5). Let t be (-9)/45 + y/5. What is the greatest common factor of 18 and t?
18
Let o = 301 - 295. What is the highest common divisor of 234 and o?
6
Let x be (-6)/4*4/(-6). Let m be (-1)/(-3) - x/((-3)/11). What is the highest common factor of 4 and m?
4
Suppose 3*o - 2509 = 29*k - 27*k, 0 = 4*o + 3*k - 3351. Calculate the highest common divisor of o and 135.
27
Let x = 420 - 368. Calculate the greatest common factor of 208 and x.
52
Suppose -2*g = -g. Suppose g = b - 4 - 2. Calculate the greatest common factor of 4 and b.
2
Let m be (-210)/(-14)*(-6)/(-10). Suppose 3*w = 4*s + m, s + 0*s + 18 = 3*w. What is the greatest common divisor of w and 56?
7
Suppose 4 + 231 = -5*z - 5*f, 4*f = 2*z + 76. Let j = z - -124. Suppose -2*m - 36 = -v, -5*v + v - m = -126. Calculate the greatest common factor of j and v.
16
Let r = -1773 + 1780. What is the greatest common factor of r and 875?
7
Let k be 16/(-12) + (-1792)/(-48). What is the highest common factor of 3 and k?
3
Let o be ((-97 - -2)*12)/(1 - 2). What is the greatest common factor of o and 30?
30
Let z be (5/5)/(1/3). Let n be 3/z - (0 - 8). Suppose 200 = -5*p + n*p. Calculate the highest common divisor of 20 and p.
10
Suppose 0 = -q - 19*g + 14*g + 55, -2*g = -5*q + 410. What is the greatest common factor of q and 288?
16
Let r be 2/(3/(-5) + 1). Suppose h - 19 = -r*y, -1 = -h + 2*y - y. Suppose -2*x = -0*x - h. Calculate the highest common divisor of 5 and x.
1
Let i be 35/(-2)*(192/40 + -6). What is the highest common divisor of i and 462?
21
Suppose 1042 + 176 = 21*s. Suppose 0 = 4*q + q - 435. Suppose 0*y - q = -y. Calculate the highest common divisor of s and y.
29
Let p be (8/(-3))/(-3*3/135). What is the highest common factor of p and 60?
20
Suppose -p + 75 = 3*l + 2*p, 0 = -3*l + 4*p + 110. Let t be 0 - (3*-5 - 0). What is the highest common factor of t and l?
15
Let s = -45 - -48. Suppose 4*u + 4*p = 136, s*p = -2 - 1. Let k(v) = -v**2 - 13*v - 8. Let x be k(-11). What is the greatest common factor of x and u?
7
Suppose v - 2*v = -i - 31, -3*v = -5*i - 103. Suppose -35 = -p - v. Let n = p - 7. Calculate the greatest common divisor of 5 and n.
1
Let t = 1347 + -1342. What is the greatest common factor of 395 and t?
5
Let g(j) = 176*j**2 - 10*j - 2. Let i be g(-1). Calculate the highest common factor of 46 and i.
46
Suppose 0 = 2*y - 2. Let p(o) = -2*o**3 + 24*o**2 + 2*o - 21. Let u be p(12). Calculate the highest common divisor of u and y.
1
Let n be (-1)/((-8)/16)*-12. Let s be -6*3*(-1)/(-6). Let y be -5*s/15 - n. What is the highest common factor of y and 225?
25
Let m = -102 + 158. What is the greatest common factor of m and 7?
7
Let q = 198 - 178. What is the greatest common divisor of 10 and q?
10
Suppose 26*t + 399 = 2193. What is the greatest common divisor of t and 12?
3
Let d be ((-9)/(-2))/((-18)/(-96)). Let b = 157 + -84. Suppose 7*z - b = 11. What is the highest common divisor of d and z?
12
Suppose 416 = -96*f + 100*f. Calculate the highest common factor of 572 and f.
52
Let z be (-1 + (-5 - -3))/(-1). Suppose -z*o = 2*o + p - 33, 3 = p. Calculate the highest common factor of 30 and o.
6
Let q = 445 + -417. What is the greatest common factor of 56 and q?
28
Let q = 12 + 37. Let j(n) = -43*n + 308. Let u be j(7). What is the greatest common divisor of u and q?
7
Let n(v) = -v**3 + v**2 + 7*v + 5. Let p be n(-3). Suppose 0 = 2*z + h - 58, 0 = -6*z + z + 3*h + 156. Calculate the highest common factor of z and p.
10
Suppose 29 = y + 2*z, 0 = y + 3*y - 3*z - 171. Let t = y + -33. Let d(q) = 2*q**2 - 8*q + 4. Let x be d(t). Calculate the highest common divisor of 7 and x.
7
Let x = 25 + -23. Suppose 793 = x*z + 145. Calculate the highest common factor of 36 and z.
36
Let q(g) = -12*g**3 + 3*g**2 + 5*g + 16. Let j be q(-5). What is the highest common divisor of 58 and j?
58
Let k be ((-2)/(-4))/((-91)/(-18018)). Calculate the highest common divisor of k and 660.
33
Let q = 304 - 155. Let s = q - 140. What is the highest common divisor of 45 and s?
9
Suppose 8*p - 729 = -p. What is the greatest common divisor of p and 63?
9
Suppose 481*c = 477*c + 40. Calculate the greatest common divisor of c and 70.
10
Let w(d) = -d**3 + 10*d - 6. Let f be (11/(-33))/((-2)/(-24)). Let k be w(f). What is the greatest common factor of 45 and k?
9
Let l(r) = -2*r + 6. Let o be l(3). Sup